16 = -n - 5*i. List the prime factors of n*1*-3*90/24.
3, 5
Suppose 4*m - 3*q + q = -28, -3*m = 5*q + 47. Let l(n) = 5*n**2 + n - 13*n**2 + 7*n - 3*n - n**3 - 12. What are the prime factors of l(m)?
2, 3
Let n(d) = -11*d**2 - 6*d - 3. Let t(q) = -10*q**2 - 5*q - 2. Let v(w) = 3*n(w) - 4*t(w). What are the prime factors of v(3)?
2, 17
Let b = 7 + -1. Suppose 13*d - b = 10*d. Suppose -5*t - 2*g = -146, -d*g + 140 = 5*t + 3*g. What are the prime factors of t?
2, 3, 5
Let l(g) = -g**2 + 11*g - 13. Let f be l(10). Suppose 3*x + 3*i = 30, -5*i + 4*i + 20 = 2*x. Let s = x + f. What are the prime factors of s?
7
Let c be 10*1 + -33 + 26. Let d = 28 - -61. Suppose -5*a - 3*u + 137 = 0, -c*a + d = -7*u + 2*u. List the prime factors of a.
2, 7
Suppose 3*s + 2*h = 4889, 2*h - 11 = -21. List the prime factors of s.
23, 71
Suppose 5*k - 3714 = -299. List the prime factors of k.
683
Let q be ((-12)/15)/((-4)/20). Suppose -3*a + 14 = 2, -q*a + 2 = 2*l. Let v(w) = w**3 + 8*w**2 + 8*w + 12. List the prime factors of v(l).
5
Let a(o) = 9*o**2 + 16*o - 45. List the prime factors of a(-11).
2, 7, 31
Let c(d) = 10*d + 160*d**2 + 2 - 78*d**2 - 14*d. Suppose 5*b + q = 0, b + 0*q + 4*q = -19. List the prime factors of c(b).
2, 5
Suppose v - 27 = -5*f, -2*f + 6*f = 20. Suppose 5*p + 3*i = 179, 0 = -v*p - 0*i + i + 65. List the prime factors of p.
2, 17
Suppose 5*s + 2*a = 17, a + 7 = 3*s + 3*a. Let i be (-6)/(-15) - (-23)/s. Suppose 3*g = -3*q + 30, 0 = -2*q - 0*g - i*g + 11. What are the prime factors of q?
13
Let t(u) = 2*u**2 - 26*u - 15. What are the prime factors of t(42)?
3, 269
Let z(y) = 2211*y**2 + 10*y + 12. List the prime factors of z(-1).
2213
Suppose 0 = u + 4*v - 6, 3*u + u + 3*v = 11. Suppose u*j - 740 = -5*t, -140 = t - 2*t - 2*j. List the prime factors of t.
2, 3, 5
Suppose 4*b + 4*i - 2*i - 906 = 0, -5*b + 2*i = -1155. List the prime factors of b.
229
Suppose 17*x = 18*x + 32. What are the prime factors of (x/(-3))/((-8)/(-12))?
2
Suppose 2*h - 2 = 0, -5*q + 163 + 402 = -5*h. Suppose 3*o - q = o. What are the prime factors of o?
3, 19
Suppose -7*f + 2502 + 3175 = 0. What are the prime factors of f?
811
Let u(k) = 39*k**3 - 21*k**2 + 6*k - 1. List the prime factors of u(4).
37, 59
Let k(n) = -n**2 - 17*n - 14. Let l be k(-16). Suppose 10*i - 5*i = l*x + 21, 4*i = -x + 9. List the prime factors of (i - (1 - 8)) + 0.
2, 5
Suppose 5*a = 4*f + 34 + 40, 4*a + 5*f = 92. Let v be 328/a + (-2)/9. List the prime factors of 2/9 - (-50)/v.
3
Let z(t) = -t**3 + t + 92. Let q(d) = 10*d - 60. Let g be q(6). List the prime factors of z(g).
2, 23
Suppose 7 = k + 5*a, 4*a - 35 = k - 6*k. Suppose -4*u - 5 = k, -3*m = -2*u - 132. Suppose -4*z + 78 = -m. List the prime factors of z.
2, 3, 5
Suppose -5*j - u - u + 146 = 0, -2*j = -2*u - 50. Let v = j + 9. What are the prime factors of v?
37
Suppose -16 = -j - 3*j. Suppose -d + j*l + 39 = -3, d - 74 = -4*l. Suppose d = 2*m - 0*m. List the prime factors of m.
29
Let u be (25/2)/(2/4). Let p = 26 - u. Let f(h) = 24*h**2 - 1. What are the prime factors of f(p)?
23
Let d be 6/3 - (-1 + 1). Suppose 4*w + 61 = -3*m, -w + 37 = -m + w. List the prime factors of (-144)/m - d/(-3).
2, 3
Suppose 3*m - 15 = -6. Suppose -m*n + 5*k - k = 363, -5*k = 4*n + 484. Let j = -83 - n. What are the prime factors of j?
2, 19
Suppose -6*j = -j - 485. What are the prime factors of -1*(1 + -4) - j*-1?
2, 5
Let w(b) = b - 1. Suppose 4*n = 2*v + 22, -n - n + 5*v = -7. Let g be w(n). Suppose -g*s + 33 = -22. List the prime factors of s.
11
Suppose 3*x + 5*w = -49, -5*x - 180 = -2*w - 57. What are the prime factors of -4 + (4 - 2*x)?
2, 23
Let i = -4 - -6. Let a = 272 - 230. Suppose i*l = -3*d + 50, -2*l + 0*d + a = -d. What are the prime factors of l?
2, 11
Suppose -4*q - 2*w = -7*w, 5*q = 3*w. Suppose -8*g + 5*g + 387 = q. What are the prime factors of g?
3, 43
Suppose 0 = 5*l - 180 + 50. Suppose -n - 2 = 3*y - 5, -2*n = 3*y + 3. Let c = n + l. List the prime factors of c.
2, 5
Suppose 0 = 2*r + 4. Let a be 25*(r - 2 - -3). Let t = 22 - a. List the prime factors of t.
47
Let r be (-36)/(-30)*(-295)/(-2). Let d = r + -100. What are the prime factors of d?
7, 11
Let m be 16 - (-9)/(-6)*2. Let h(l) = -2*l - 1. Let z be h(4). Let q = m - z. List the prime factors of q.
2, 11
Suppose 5*s - 2880 = -2*x + 4*x, -s + 593 = 3*x. List the prime factors of s.
2, 17
Suppose 6*l - 3*l + 547 = 5*c, 0 = -2*c - 3*l + 223. Let i = c + -67. List the prime factors of i.
43
What are the prime factors of (82 - 84)*27/(-2)?
3
Let m(r) = 70*r - 20. Let i be m(6). Suppose 0 = -a + 4*o - 136, 5*a - 4*o + i + 296 = 0. What are the prime factors of (-4 + a/(-25))*30?
2, 3
Let v(k) = -35*k - 140*k - 3 + 1. Let f be v(-2). Suppose 3*n - y - 68 = 142, y = 5*n - f. List the prime factors of n.
3, 23
Suppose l - f + 16 = f, 0 = 4*l + 5*f + 64. Let t = l + 18. Suppose t*h = -4*k + 216, -k + 2*h + 25 = -19. List the prime factors of k.
2, 13
Let u = 8 - 8. Suppose -8 = 4*y - 4*i, -5*i + 17 = 2*y - u*i. What are the prime factors of (y*-3)/(18/(-252))?
2, 3, 7
Let j(o) = -2*o**3 + 5*o**2 + 2*o + 1. Let z be j(4). Let b = z - -18. List the prime factors of (-2)/(-7) - 288/b.
2, 7
List the prime factors of 100719/117 + 18/117.
3, 7, 41
What are the prime factors of 14604/15 - (-4)/10?
2, 487
Suppose 8*t - 5*t - 69 = 0. Let l = 74 - t. List the prime factors of l.
3, 17
Let d be (2 - (-1)/(-1))/(1/(-103)). What are the prime factors of 8/(-36) + 64/(-36) - d?
101
Let x = 5477 + -3549. List the prime factors of x.
2, 241
Suppose -4*o = -4*n - 244, -5*o = -0*o + 2*n - 333. Let u = o - 99. Let d = -23 - u. List the prime factors of d.
11
Suppose 259*a + 5136 = 265*a. What are the prime factors of a?
2, 107
Let a(w) = 18*w**2 - 5*w - 44. What are the prime factors of a(-9)?
1459
Let j(m) = m**3 - 18*m**2 + 33*m - 45. Let p be j(16). Let w(k) = 18*k + 2. Let x be w(3). Let b = x + p. What are the prime factors of b?
3
Let c = 89 + -87. List the prime factors of 1424/(-32)*c/(-1).
89
Suppose -2*l + 8 = 0, -3*s - s = 3*l - 3292. List the prime factors of s.
2, 5, 41
Let u(p) = -p**3 + 25*p**2 + 37*p - 30. List the prime factors of u(26).
2
Suppose 0 = 4*q + 12 - 28. Suppose 5*u = q*u + 5. Suppose 2*z - 48 = 3*m, 6*z + u*m = 2*z + 74. What are the prime factors of z?
3, 7
Suppose -445 = -s - 4*s. List the prime factors of s.
89
Let b(w) = -w + 9. Let a be b(6). Suppose 5*n = 3*r - 15, a*n - 44 = -5*r + 5*n. What are the prime factors of ((-64)/(-20))/(4/r)?
2
Let p(i) = -i + 11. Let f be p(6). Suppose f*a - 795 = z, 3*z = -5*a + 2*z + 785. List the prime factors of a.
2, 79
Let d = -137 + 96. Let x = 96 - d. List the prime factors of x.
137
Let o be (-2)/(-3) + (-350)/(-15). List the prime factors of (-5 + 1 + -1)/((-6)/o).
2, 5
Suppose a + 5*u + 0*u = 2, u = -2. Let c = a - 3. What are the prime factors of c?
3
Suppose 2*v + 5 = z, -2*z = -5*z + 3*v + 9. Let o = z - 1. Suppose o*y + 2 = y. List the prime factors of y.
2
Suppose -v = 0, -v + 0*v + 88 = -2*p. Let x(u) = 10*u - 1. Let l be x(-3). Let d = l - p. What are the prime factors of d?
13
Suppose 7*j - 3*j - 696 = 0. Suppose 0*u - 3*u + j = 0. Let z = 100 - u. What are the prime factors of z?
2, 3, 7
Let j(c) = -28*c**3 + c**2 - 1. Let g be j(-1). Let y = g - 12. Let a = 28 - y. What are the prime factors of a?
2, 3
Let z be -3*(-3)/(-9)*6. Let m(r) = -r**2 - 9*r - 3. Let s be m(z). Let f = 30 - s. What are the prime factors of f?
3, 5
Let b(j) = -9*j - 6. Let w be b(-3). Suppose 0 = -v + 17 - w. List the prime factors of ((-2)/v)/((-4)/(-280)).
5, 7
Let c(d) = -d - 5. Let n be (-21)/(6/2) + -1. Let u be c(n). Suppose -5*x + 7 = 2*r, 9*x = -u*r + 5*x + 14. List the prime factors of r.
2, 3
Let d(u) = u**2 + 4*u - 3. Let n be d(-5). Suppose n*f - 2 = -j, 0*f = 3*j - 2*f + 2. Suppose h + 3*h - 192 = j. List the prime factors of h.
2, 3
Suppose 0*h - 260 = 2*h. List the prime factors of (-2)/(-3 + h/(-44)).
2, 11
Suppose 1104 - 5944 = -5*t. What are the prime factors of t?
2, 11
Let c = -179 + 429. What are the prime factors of c?
2, 5
Let m = -385 - -2706. Suppose 1684 = 15*v - m. List the prime factors of v.
3, 89
Let f be (2/(-5))/((-6)/(-30)). Let m = 2 + f. Suppose -3*j + 2 + 4 = m. List the prime factors of j.
2
Let q = -947 - -1435. 